4 + -10 + 15)) + 16.
19
What is the value of -6 + (0 - 0) + -2 + 4 + 7?
3
Evaluate -6 + 10 + (2 - (6 - -4)).
-4
-6 - -6 - (-15 + -1)
16
What is the value of -7 - (4 - 11 - (-3 + 2 + 8))?
7
Evaluate 29 + (6 - 71 - -37).
1
Calculate (20 - 26) + -2 + -1 + -5.
-14
Calculate -7 - (-19 + -10 + 14 + 6).
2
What is the value of 7 - (-9 - 8 - -6 - -10)?
8
What is 0 - 2 - -5 - (0 + -18 + 15)?
6
Evaluate -3 + (4 - (5 - 8)).
4
Evaluate 9 - (0 - -4) - ((4 - -1) + -12).
12
13 - (14 + (14 - (36 - 17)))
4
Evaluate (-9 - (-1 - (0 + 1))) + -7.
-14
What is 6 + -6 + 15 + -3 - 8?
4
What is the value of 18 - (-1 + 3) - ((-3 - 12) + 21)?
10
Calculate -2 + 2 + (-7 - -5) + -11.
-13
What is the value of 11 - (-2 - (9 + -8 - 3))?
11
What is -14 - (-10 + 8) - -18 - -10?
16
Evaluate -10 - ((-28 - -23) + 1).
-6
Evaluate -38 + -3 + -207 + 272.
24
Calculate 4 - (6 + 3) - (-16 - -5).
6
0 + (-3 + -6 - 1) + -1 + -23
-34
Evaluate (1 - -2) + 0 + (8 - 5 - 3).
3
1 + (12 - (15 + -22)) - (-2 + -1)
23
Evaluate 0 - (-1 - (-4 + 1 + 2)) - 6.
-6
-10 + (-12 + -7 + 7 - -2)
-20
Calculate (22 - 23) + -1 + (1 - -9).
8
What is -30 - (-28 + 14) - -2?
-14
Evaluate (-6 + -2 + 6 - 5) + 2.
-5
Calculate -225 + 242 + (2 - 2).
17
What is the value of 214 + -259 + (1 - -31)?
-13
Evaluate -16 + (12 - -10) - (-2 - 1).
9
What is the value of -21 - -1 - (-19 + -7 + 17)?
-11
Evaluate 13 - (1 + 4) - 3 - (-4 + 2).
7
What is -15 + -2 - -21 - (11 + 1)?
-8
What is the value of (1 + 3 - -1) + (29 + -67 - -45)?
12
What is 19 - (18 + (2 - -11) + -7)?
-5
What is the value of 1 + (1 - (-8 - (3 - 7)))?
6
Calculate -698 - -709 - (1 + 19).
-9
(10 - 2 - 0) + 2
10
Calculate 7 + (-13 - -11) + -2.
3
Calculate (21 - ((0 - 5) + 0 + 7)) + -7.
12
What is 15 + (-16 - (1 + -4) - -9)?
11
Calculate (-11 - 8 - -12 - 7) + -10.
-24
Evaluate -18 + -1 + 11 + -1 + -6.
-15
Calculate 19 - 0 - (-10 + 24).
5
(10 - 1) + 20 + -40 + 23 + -28
-16
What is 2 - 7 - (101 - 100) - 8?
-14
What is the value of (-3 - 2 - -1 - (-6 + 6)) + 5?
1
Calculate 10 - (-15 - -23 - 11 - (1 - 6)).
8
Calculate 28 + (-124 - -110 - (0 - (2 - -1))).
17
-9 + (-6 - 1 - -3 - -4)
-9
What is 33 - (-13 + -13 + 41)?
18
8 + (9 - 17) + -4 - 3
-7
What is -5 - (5 + -30 + 33 + -17)?
4
What is the value of -14 - -20 - 10 - (1 + 1)?
-6
What is the value of 12 - (-17 + 54 - 17)?
-8
Evaluate 13 + -20 - -5 - -16.
14
What is 7 - (10 - 19 - -34)?
-18
2 - (-2 + 8 + -4 + 5 - 11)
6
Calculate 16 + (-3 + -9 - (-40 - -21)).
23
Evaluate 41 + (1 + 4 - (55 - 46)) + -4.
33
Evaluate 8 + 0 - (566 + -549).
-9
Calculate -3 - 6 - 2 - -21.
10
Evaluate -8 - (-1 - 1 - (10 + 3 + -8)).
-1
-6 + -1 - (-6 + 0 + 8) - -4
-5
-5 - (4 - (15 + (-17 - -10)))
-1
What is the value of (-10 - (-7 + 13)) + 27?
11
Calculate 12 + (-11 - -6) + 5.
12
What is (3 - -7) + (17 - 21)?
6
Evaluate 10 + 0 - 0 - (-16 + 9).
17
18 + (25 - (-26 - -63))
6
-25 + 0 + (-207 - -224)
-8
What is the value of 5 + (0 - (-1 + 17))?
-11
What is -22 - (-23 + -15) - -8?
24
Calculate 7 + -27 + 10 + 29.
19
Evaluate -9 - (-5 + -6) - (-1 + (26 - 8)).
-15
What is 3 - (-13 + -1 + 8 + 12)?
-3
What is the value of 16 + 9 + -4 + -11 + 1 + 3?
14
Evaluate -11 - ((4 - -1) + 3 + -14).
-5
Calculate -5 - (19 + -26) - (23 + -2 + 2).
-21
What is (-32 + 27 - -33) + -29?
-1
What is the value of 4 - 28 - (69 + -114)?
21
Evaluate 18 - ((14 - (13 + 8)) + 7).
18
Evaluate (-1 - 21) + 14 + 19.
11
33 + (-17 - 15) + -22
-21
(-2 - -2 - 2) + 1 + 2 - -6
7
-17 - (21 + -19 - ((5 - 3) + 4))
-13
What is the value of (-7 + 0 - 4) + 3 + 5?
-3
Calculate -3 + (4 - 1) + (11 - -19).
30
18 + (12 - 29) - (46 - 1) - -10
-34
Evaluate 79 - 76 - (5 - 0).
-2
What is the value of 13 - (-16 + (14 - -13))?
2
(-91 + -4 - -83) + (0 - 12)
-24
Evaluate -17 - (-23 + -1 + 16).
-9
(0 - 1) + 5 + -2 + (7 - 4)
5
What is 8 + 12 + -26 + 9 + -7?
-4
What is the value of -5 + (50 - (-21 + 43))?
23
Calculate -67 + 61 - (-1 + 6).
-11
20 + 0 + -24 - (20 + -1)
-23
Evaluate -1 - 5 - (-8 - (-7 - -6)).
1
What is 50 - ((-17 - 1) + 55)?
13
What is the value of -3 + 3 - -12 - (-13 - (22 + -40))?
7
9 - (-1 + 4 + 42 + -39)
3
What is -2 - (-21 + 8 - -3)?
8
2 + (-5 - -12) + (-2 + 3 - -1)
11
Calculate (-1 - 27) + (-492 - -523).
3
What is 11 + -1 + (-5 - 3)?
2
What is the value of 13 + -12 + -1 + -4 + -18?
-22
-16 - -21 - (-3 - -9)
-1
What is the value of 4 + 30 + (-74 - 1)?
-41
-1 + 1 + 9 - (-112 - (-128 - 14))
-21
Evaluate 2 - (-35 + 6 + 4 + 11).
16
What is the value of (-9 - -4) + (-14 - -12)?
-7
-7 - 10 - (-33 + 43)
-27
What is the value of 1 + -6 + -3 - (1 + 4)?
-13
(32 - 19) + -10 + (8 - (-2 - -2))
11
What is the value of -31 - 0 - (20 - 29)?
-22
Evaluate (1 + -3 - -11) + 1 + -19.
-9
What is the value of 31 + -41 + (11 - 2) + 0?
-1
Evaluate -7 + 9 + -2 + -6 + (2 - -5).
1
Calculate -1 + -27 - (14 - 37).
-5
What is the value of 12 - 23 - (-65 + 37)?
17
Evaluate 1 + 2 + 8 - 1.
10
What is -34 - (-43 + 23 - 3)?
-11
Calculate -6 + 13 + 2 + -1 + 20.
28
Evaluate 0 + 1 + -3 + -14 + -1 + 26.
9
What is -2 + -23 + 33 + -5?
3
-2 - (11 - 7 - 15)
9
(-9 - -4) + 35 + (0 - 0) + -9
21
What is (-1 + 9 - (108 - 114)) + -7 + 2?
9
Calculate 46 + -51 + (-20 - (1 + (1 - 2))).
-25
Evaluate -1 + 15 - (225 - 198).
-13
What is -11 - (-10 - (13 + -6))?
6
Evaluate -14 - (42 + -51 - (-3 + -1)).
-9
-3 + -2 + 2 + 3
0
Calculate 5 + (-8 - (7 + 0) - -6) + -9.
-13
What is the value of -42 + 14 - -7 - (-10 + 11)?
-22
What is -7 + (-5 - -7 - (-1 - (-2 - 2)))?
-8
What is 13 + -11 + (-19 - (-9 - -9))?
-17
What is 1 + -12 + 8 + 3 + (-1 - -35)?
34
What is the value of 3 + -30 + 0 - (6 + -24 + 19)?
-28
-5 - (5 + -1 + (4 - 4 - 1))
-8
What is (-6 + 1 - -4) + -8 + 18 - -2?
11
-6 + (-6 + 10 - (1 + 0)) + -2
-5
-34 + 37 + -5 + -13
-15
What is the value of -25 + (-46 - -38) - 4?
-37
(-18 - (15 - 1)) + 61
29
Evaluate (-11 - (17 + -47)) + -28 - (0 + 31).
-40
27 + (-7 - (-4 - (-3 + -3 + 1)))
19
What is 6 + -1 + (19 - 36) + 5?
-7
What is -1 + -4 + (242 - 220)?
17
Evaluate -22 + (-4 - (2 - 11)) - -13.
-4
What is -5 - (-22 - -1 - (-72 + 63))?
7
Calculate -11 - (-2 - (-19 - -15)).
-13
What is the value of -9 - (15 + -12 + -2 + -12)?
2
What is 12 - 0 - (196 + -192) - 0?
8
What is the value of 0 + 12 + 2 + (162 - 166)?
10
(-7 - (-13 + -2)) + (-26 - (-4 + -4))
-10
What is the value of (16 - 9 - 17) + 4 + -5?
-11
-24 + (6 - (4 + (-10 - -3) - 2))
-13
Evaluate 28 + (2 - (6 + 14)).
10
What is the value of 0 + 1 + 2 - (-36 + (-32 - -67))?
4
Calculate -2 - (10 + -11) - -2 - (0 - 0).
1
6 + (-8 - -14 - 4 - 9)
-1
What is the value of -20 + (9 - 22 - -28)?
-5
What is the value of -13 + (-1 - (0 + (4 - 7) - -1))?
-12
What is the value of -54 + 66 - (1 + 6)?
5
What is 20 + 1 + -253 + 219?
-13
-1 + (39 - 36 - (-3 - -5)) + -9
-9
-16 + 0 + (20 - 12) - -6
-2
What is 8 - (-3 - -6 - 0) - (-13 - -13)?
5
What is -4 + (-4 - -10) + 5 + (-3 - 0)?
4
Calculate -25 - -37 - -14 - 34.
-8
What is the value of 41 - (26 + 12) - (39 + 2)?
-38
Calculate (1 - 5 - -2) + 6 + (6 - 17).
-7
Calculate 6 - (11 - (-8 - -10)) - -4.
1
(-20 - (-39 - -14)) + -2 - (7 + -1)
-3
15 + (-3 + 6 - (10 - 3)) + 2
13
What is (-3 - -1 - -2) + -131 + 113?
-18
Calculate -17 - (-49 + 28) - (30 + -4).
-22
What is 32 - 24 - ((14 - -2) + -1)?
-7
-33 + -1 + (-59 - -72 - (11 + -10))
-22
Evaluate 18 + (-9 - 12) - (-3 - 0).
0
8 + -1 + 171 + -161
17
Evaluate 2 + 5 + (-8 - (-3 + 7)).
-5
Calculate (2 - -2) + -3 + (138 - 120).
19
What is the value of -13 - ((7 - 19) + 13 + 4)?
-18
Calculate -10 - 25 - -69 - 46.
-12
Calculate -2 - ((-17 + 6 - -13 - -4) + -2).
-6
-106 - -125 - (-1 + 1)
19
-7 + 1 - -1 - (-158 - -150)
3
(-2 - -5 - (-11 + -10 - -10)) + -4
10
Calculate (-1 - 5) + 1 + (0 - (-11 - -4)).
2
Evaluate ((-30 - -5) + (-5 - -6) - 4) + 1.
-27
Evaluate -23 - (5 + -39 - -8).
3
Calculate 1 - (44 - 13) - -65.
35
16 + -10 + -6 + 6
6
Evaluate -3 - 5 - -7 - -2 - (-3 + 4).
0
(-2 - (0 + -3)) + (5 + 20 - 7)
19
Calculate (-8 - -11 - (0 + -1)) + -5.
-1
-7 + ((8 - 3) + -3 - -10)
5
Evaluate -449 + 431 - (-2 + 13).
-29
15 + -30 + (-3 - 5 - -7)
-16
What is -457 - -482 - (27 - -2)?
-4
What is the value of 24 + (-30 - -18) - 14?
-2
What is 16 + (-49 - (13 - 15))?
-31
Evaluate (-14 - -1) + (-28 - (-56 + 9)).
6
Calculate -19 + 1 + 10 + 6 + -17 + 4.
-15
Calculate -17 - ((13 - 3 - 3) + (-63 - -52)).
-13
-10 + 11 + -19 + 12
-6
What is the value of -3 - (0 + -2) - (-1603 + 15